151 + -3?
14d
In base 14, what is -43 - 1?
-44
In base 11, what is 1 - -70?
71
In base 4, what is -11 + 1002?
331
In base 14, what is 4 + 5a?
60
In base 16, what is -13 + -99?
-ac
In base 11, what is 273 - 0?
273
In base 8, what is -4 - -126?
122
In base 8, what is -510 - 4?
-514
In base 14, what is 1 + 3d?
40
In base 7, what is -265 + -1?
-266
In base 10, what is 45 - 5?
40
In base 15, what is 3b - 1c?
1e
In base 12, what is 4 - -54?
58
In base 11, what is 2 - 26?
-24
In base 13, what is -5 + -198?
-1a0
In base 4, what is 12 + -131?
-113
In base 15, what is -1 + 685?
684
In base 16, what is 87 + 5?
8c
In base 3, what is 20 - -2001010?
2001100
In base 13, what is -2 + -23?
-25
In base 12, what is 33 + 55?
88
In base 14, what is -1 - 644?
-645
In base 12, what is -2 - -41?
3b
In base 6, what is -315 - -145?
-130
In base 15, what is -36db + 3?
-36d8
In base 4, what is -231 - -1?
-230
In base 10, what is 103 - 5?
98
In base 15, what is -d - -68?
5a
In base 10, what is -33 + 0?
-33
In base 7, what is -3 - -1312?
1306
In base 13, what is -14461 + 5?
-14459
In base 10, what is -194 - -50?
-144
In base 7, what is -60 + -5?
-65
In base 9, what is -52 - -3?
-48
In base 9, what is 173 + 4?
177
In base 4, what is 3 + -302001?
-301332
In base 11, what is 0 - 6a5?
-6a5
In base 5, what is 13102 - 3?
13044
In base 2, what is -10001000 - 10011?
-10011011
In base 2, what is 101100011 - 1?
101100010
In base 9, what is -4 + -1040?
-1044
In base 11, what is 2 + -74?
-72
In base 7, what is 124 + -201?
-44
In base 16, what is 7 + 9c6?
9cd
In base 16, what is -4b - -6?
-45
In base 15, what is -4 + -46?
-4a
In base 3, what is -10 - 20211?
-20221
In base 14, what is -2 + -15b?
-15d
In base 4, what is -11 + -231?
-302
In base 16, what is 38 + 5?
3d
In base 3, what is 22202101 + -10?
22202021
In base 14, what is -597 + -5?
-59c
In base 16, what is 5 - -60d?
612
In base 7, what is 302 - 3?
266
In base 7, what is -36 - -110?
41
In base 16, what is 1 - 8ef?
-8ee
In base 4, what is -1101 + 1100?
-1
In base 7, what is -1136 + -1?
-1140
In base 11, what is 16 + -16?
0
In base 10, what is 287 - 0?
287
In base 9, what is 43828 - -2?
43831
In base 3, what is 121010 - -210?
121220
In base 12, what is 38 - -21b?
257
In base 5, what is 1 + -2002?
-2001
In base 2, what is -10010 - 10000?
-100010
In base 9, what is 533 - 5?
527
In base 3, what is -12 - 2210100?
-2210112
In base 4, what is 131033 + 3?
131102
In base 11, what is 16 - -6a9?
714
In base 4, what is -3131 - 0?
-3131
In base 8, what is 1534 - -2?
1536
In base 10, what is 155 - 1?
154
In base 2, what is 10010 - 111?
1011
In base 2, what is -11 - 11101011101?
-11101100000
In base 11, what is 8 + 419?
426
In base 7, what is -5 - -535?
530
In base 12, what is 0 - -39?
39
In base 15, what is -d5 - -38?
-9c
In base 6, what is 15 + 1?
20
In base 5, what is 224 - 2?
222
In base 2, what is -101001 - 100111000?
-101100001
In base 9, what is -3 - 12812?
-12815
In base 11, what is 4035 + -5?
4030
In base 14, what is -d6 + c?
-c8
In base 11, what is 5 - -290?
295
In base 7, what is 10544 + -3?
10541
In base 4, what is -3 - 3112?
-3121
In base 5, what is -200 - -22?
-123
In base 15, what is 1c4 + -d?
1b6
In base 6, what is 10 + -115?
-105
In base 3, what is 20 + 0?
20
In base 3, what is -1 + -122?
-200
In base 10, what is 0 + -659?
-659
In base 11, what is -22 + 4?
-19
In base 8, what is -76 + -5?
-103
In base 12, what is 79 - -18?
95
In base 14, what is -9d - -7?
-96
In base 12, what is -2 - 1414?
-1416
In base 6, what is -220 + -25?
-245
In base 9, what is 0 + -8222?
-8222
In base 7, what is -1522 - -4?
-1515
In base 9, what is 3534 + -5?
3528
In base 13, what is -4 + 496?
492
In base 4, what is 33113 - 1?
33112
In base 4, what is 20 + 2323?
3003
In base 16, what is 1f - -4?
23
In base 10, what is -752 + 3?
-749
In base 10, what is -230 - 88?
-318
In base 6, what is -1 + 2313?
2312
In base 13, what is -3 + -72?
-75
In base 3, what is 120011020 + 0?
120011020
In base 2, what is 11010 + -110?
10100
In base 11, what is -7549 - -4?
-7545
In base 6, what is -4 + -42?
-50
In base 10, what is -1673 + 4?
-1669
In base 8, what is -217 - 142?
-361
In base 7, what is 4565 - 6?
4556
In base 2, what is -100100011000 + 0?
-100100011000
In base 5, what is -13003 + 3?
-13000
In base 8, what is -46012 + -1?
-46013
In base 8, what is -65 - -1?
-64
In base 3, what is -12000 - -11?
-11212
In base 4, what is -3011 + 0?
-3011
In base 8, what is -4 - -17?
13
In base 3, what is 12 - -22120102?
22120121
In base 6, what is -3 + 15?
12
In base 13, what is 7 + -26?
-1c
In base 15, what is -1 + -18?
-19
In base 7, what is -16 + 21?
2
In base 15, what is 4c - -3?
50
In base 2, what is 10010 + -110000?
-11110
In base 16, what is 5f6 + -3?
5f3
In base 14, what is -4 + -946?
-94a
In base 3, what is 120 - 110?
10
In base 15, what is 3 + -40e?
-40b
In base 2, what is -111 + 101?
-10
In base 16, what is -2 + e70?
e6e
In base 12, what is -15b - 4?
-163
In base 6, what is -4 - -1?
-3
In base 12, what is -29 - 4?
-31
In base 11, what is -124 + 1?
-123
In base 13, what is 5 + -84?
-7c
In base 15, what is 4 - -a3d?
a42
In base 11, what is -5086 + 5?
-5081
In base 13, what is 32a + 6?
333
In base 8, what is 2 + -370?
-366
In base 3, what is -11200 - -12?
-11111
In base 2, what is 10 - 10100010111?
-10100010101
In base 2, what is -110001011111 + 10?
-110001011101
In base 4, what is 1 + -10111?
-10110
In base 8, what is -5 - 112?
-117
In base 9, what is 1 - -1511?
1512
In base 2, what is 0 + -101101100111?
-101101100111
In base 9, what is -13 + 802?
778
In base 3, what is 11 - -11112122?
11112210
In base 13, what is 14 - 139?
-125
In base 8, what is -1257 - 5?
-1264
In base 6, what is 0 - 1441?
-1441
In base 5, what is 2321 + 0?
2321
In base 16, what is 0 - -9b?
9b
In base 2, what is 1000010011 + 100?
1000010111
In base 13, what is aa - -1?
ab
In base 8, what is 47 + -3?
44
In base 13, what is 119 - -60?
179
In base 16, what is 24e + -1?
24d
In base 4, what is -2 - -300002?
300000
In base 4, what is 13 + -20?
-1
In base 11, what is -1 + 2132?
2131
In base 3, what is -12102121 - -10?
-12102111
In base 14, what is 4 - -172?
176
In base 15, what is -8 + -3?
-b
In base 3, what is -2210122 + 0?
-2210122
In base 9, what is 5 + 80?
85
In base 12, what is 98 + -13?
85
In base 3, what is 10 - -1002?
1012
In base 5, what is -2411234 - 4?
-2411243
In base 15, what is 2 + 143?
145
In base 14, what is 33c - 4?
338
In base 15, what is d7 - 0?
d7
In base 13, what is -b8 - 2?
-ba
In base 8, what is 5 - -562?
567
In base 13, what is -7 + 152?
148
In base 14, what is 3a + 2?
3c
In base 7, what is -15 - 231?
-246
In base 8, what is -150 + -3?
-153
In base 16, what is -3 + 723?
720
In base 13, what is -336 - -4?
-332
In base 7, what is 1 + 54?
55
In base 7, what is -2164 - 2?
-2166
In base 9, what is -1 + -83?
-84
In base 9, what is 11 + -153?
-142
In base 3, what is 2 - -1112101?
1112110
In base 11, what is -125 + -1?
-126
In base 4, what is 23131 + 10?
23201
In base 16, what is -9 - bd?
-c6
In base 2, what is 1000 + -101110?
-100110
In base 7, what is 30 - -51?
111
In base 16, what is 111 - e?
103
In base 14, what is -177 + -5?
-17c
In base 13, what is a - 1c?
-12
In base 6, what is 501 - -14?
515
In base 12, what is -476 + 17?
-45b
In base 4, what is -102 + 1?
-101
In base 9, what is -3 + -78?
-82
In base 6, what is -431 + 5?
-422
In base 6, what is -425 + -5?
-434
In base 2, what is 1 + 110010?
110011
In base 2, what is 10110 - 1?
10101
In base 9, what is -114 - 0?
-114
In base 5, what is 1202 - -1100?
2302
In base 16, what is 3c + -1?
3b
In base 16, what is 8 + -6?
2
In base 8, what is -4 - 54?
-60
In base 15, what is -a + 2d?
23
In base 7, what is 6 - 12?
-3
In base 16, what is -43 + -32?
-75
In base 5, what is 12 - 222?
-210
In base 11, what is -208 - 5?
-212
In base 14, what is 156d - -5?
1574
In base 7, what is 64 - -21?
115
In base 9, what is -2 + -163?
-165
In base 7, what is -10 + -2?
-12
In base 5, what is 2 - 13301?
-13244
In base 6, what is 13 - 21?
-4
In base 14, what is 3 + 59?
5c
In base 8, what is -177 + -5?
-204
In base 9, what is 17 - -4?
22
In base 4, what is 132 - -1201?
1333
In base 12, what is -126 + -2a?
-154
In base 14, what is -48a9 - 3?
-48ac
In base 11, what is -1